{"id":23489,"date":"2021-12-26T15:21:11","date_gmt":"2021-12-26T14:21:11","guid":{"rendered":"https:\/\/www.plugin-store.de\/?post_type=product&#038;p=23489"},"modified":"2024-08-15T08:17:24","modified_gmt":"2024-08-15T06:17:24","slug":"private-server-system-v3","status":"publish","type":"product","link":"https:\/\/www.plugin-store.de\/index.php\/produkt\/private-server-system-v3\/","title":{"rendered":"Private-Server System f\u00fcr 1.16.5 &#8211; 1.20.2 | CloudNet v3"},"content":{"rendered":"<div id=\"cmsmasters_row_fr3faj464j\" class=\"cmsmasters_row cmsmasters_color_scheme_default cmsmasters_row_top_default cmsmasters_row_bot_default cmsmasters_row_boxed\">\n<div class=\"cmsmasters_row_outer_parent\">\n<div class=\"cmsmasters_row_outer\">\n<div class=\"cmsmasters_row_inner\">\n<div class=\"cmsmasters_row_margin\">\n<div id=\"cmsmasters_column_ox6qbwrdli\" class=\"cmsmasters_column one_first\">\n<div class=\"cmsmasters_column_inner\"><div id=\"cmsmasters_divider_ofu8guigaw\" class=\"cmsmasters_divider cmsmasters_divider_width_long cmsmasters_divider_pos_center\"><\/div>\n<div class=\"cmsmasters_embed_wrap\">\n<div class=\"BorlabsCookie\"><div class=\"_brlbs-content-blocker\"> <div class=\"_brlbs-embed _brlbs-video-youtube\"> <img decoding=\"async\" class=\"_brlbs-thumbnail\" src=\"https:\/\/www.plugin-store.de\/wp-content\/plugins\/borlabs-cookie\/assets\/images\/cb-no-thumbnail.png\" alt=\"YouTube\"> <div class=\"_brlbs-caption\"> <p>Mit dem Laden des Videos akzeptieren Sie die Datenschutzerkl\u00e4rung von YouTube.<br><a href=\"https:\/\/policies.google.com\/privacy\" target=\"_blank\" rel=\"nofollow noopener noreferrer\">Mehr erfahren<\/a><\/p> <p><a class=\"_brlbs-btn _brlbs-icon-play-white\" href=\"#\" data-borlabs-cookie-unblock role=\"button\">Video laden<\/a><\/p> <p><label><input type=\"checkbox\" name=\"unblockAll\" value=\"1\" checked> <small>YouTube immer entsperren<\/small><\/label><\/p> <\/div> <\/div> <\/div><div class=\"borlabs-hide\" data-borlabs-cookie-type=\"content-blocker\" data-borlabs-cookie-id=\"youtube\"><script type=\"text\/template\">PGlmcmFtZSB0aXRsZT0iQ2xvdWROZXQgdjMgLSBQcml2YXRlLVNlcnZlciBTeXN0ZW0gfCBHYW1lU2VydmVyLCBBZHZlbnR1cmUgTWFwICZhbXA7IFN1cnZpdmFsLVNlcnZlciB8IFBsdWdpbi1TdG9yZS5kZSIgd2lkdGg9IjExNjAiIGhlaWdodD0iNjUzIiBzcmM9Imh0dHBzOi8vd3d3LnlvdXR1YmUtbm9jb29raWUuY29tL2VtYmVkL0tNbFpIaVNJODBjP2ZlYXR1cmU9b2VtYmVkIiBmcmFtZWJvcmRlcj0iMCIgYWxsb3c9ImFjY2VsZXJvbWV0ZXI7IGF1dG9wbGF5OyBjbGlwYm9hcmQtd3JpdGU7IGVuY3J5cHRlZC1tZWRpYTsgZ3lyb3Njb3BlOyBwaWN0dXJlLWluLXBpY3R1cmUiIGFsbG93ZnVsbHNjcmVlbj48L2lmcmFtZT4=<\/script><\/div><\/div><\/div>\n<div id=\"cmsmasters_divider_50gy8pmpjy\" class=\"cmsmasters_divider cmsmasters_divider_width_long cmsmasters_divider_pos_center\"><\/div>\n<div class=\"cmsmasters_text\">\n<p style=\"text-align: center;\">Mit diesem System erm\u00f6glichst du es deinen Spielern einen\u00a0<strong>privaten Server<\/strong>\u00a0zu erstellen. Fast alle\u00a0<strong>Nachrichten<\/strong>, sowie viele Item-Namen und Inventare sind\u00a0<strong>einstellbar<\/strong>. Au\u00dferdem beinhaltet es ein\u00a0<strong>Adventure-Map System<\/strong>. Ab sofort kann man auch\u00a0<strong>Game-Server<\/strong>\u00a0mit unserem privaten Server System erstellen! Ebenso kann man eigene Plugins zum Installieren auf dem Survival-Server festlegen. Es ist f\u00fcr die CloudNet\u00a0<strong>Version 3<\/strong>.<\/p>\n<\/div>\n\n<div id=\"cmsmasters_divider_t8hyngls2\" class=\"cmsmasters_divider cmsmasters_divider_width_long cmsmasters_divider_pos_center\"><\/div>\n<div id=\"cmsmasters_heading_4n4w3m3ucf\" class=\"cmsmasters_heading_wrap cmsmasters_heading_align_left\">\n\t<h4 class=\"cmsmasters_heading\">Token-System mit Shop<\/h4>\n<\/div><div class=\"cmsmasters_text\">\n<p>\u00b7 Mit diesem Token-System k\u00f6nnen deine Nutzer sich Tokens kaufen und damit einen privaten Server starten.<br \/>\n\u00b7 Als Admin kannst du auch kostenlose Tokens verteilen und die Start-Tokens in der Config festlegen.<br \/>\n\u00b7 Das Feature ist nat\u00fcrlich auch deaktivierbar.<\/p>\n<\/div>\n\n<div id=\"cmsmasters_divider_pn8f9g7z7\" class=\"cmsmasters_divider cmsmasters_divider_width_long cmsmasters_divider_pos_center\"><\/div>\n<div id=\"cmsmasters_heading_n3t5wz5j4\" class=\"cmsmasters_heading_wrap cmsmasters_heading_align_left\">\n\t<h4 class=\"cmsmasters_heading\">Survival-Server \/ Adventure-Maps<\/h4>\n<\/div><div class=\"cmsmasters_text\">\n<p>\u00b7 Erstelle einen privaten Survival Server und lasse der\u00a0<strong>Kreativit\u00e4t\u00a0<\/strong>deiner Spieler freien Lauf.<br \/>\n\u00b7 Das System bietet deinen Spielern au\u00dferdem die M\u00f6glichkeit\u00a0<strong>Plugins herunterzuladen<\/strong>. Diese kannst du dabei selber einstellen! Ebenfalls selbst programmierte Plugins.<br \/>\n\u00b7 Au\u00dferdem k\u00f6nnen deine Spieler von dir festgelegte Adventure Maps starten. Diese kannst du einfach in den jeweiligen Ordnern festlegen. (siehe Video)<\/p>\n<\/div>\n\n<div id=\"cmsmasters_divider_fhdh5ekgi5\" class=\"cmsmasters_divider cmsmasters_divider_width_long cmsmasters_divider_pos_center\"><\/div>\n<div id=\"cmsmasters_heading_iebh51iv1x\" class=\"cmsmasters_heading_wrap cmsmasters_heading_align_left\">\n\t<h4 class=\"cmsmasters_heading\">Game-Server<\/h4>\n<\/div><div class=\"cmsmasters_text\">\n<p>\u00b7 Erstelle einen <strong>privaten MiniGame-Server<\/strong> und lasse deine Spieler eigene MiniGame Runden erstellen.<br \/>\n\u00b7 Hierbei k\u00f6nnen 4 Spielmodi mit jeweils 4 Unterkategorien (z. B. BW8x1, BW8x2, etc.) hinzugef\u00fcgt werden.<\/p>\n<\/div>\n\n<div id=\"cmsmasters_divider_8w0kt7mr4e\" class=\"cmsmasters_divider cmsmasters_divider_width_long cmsmasters_divider_pos_center\"><\/div>\n<div id=\"cmsmasters_heading_gv8028tkmx\" class=\"cmsmasters_heading_wrap cmsmasters_heading_align_left\">\n\t<h4 class=\"cmsmasters_heading\">Server-Einstellungen<\/h4>\n<\/div><div class=\"cmsmasters_text\">\n<p>\u00b7 Lasse deine Spieler Einstellungen f\u00fcr Ihren privaten Server ganz einfach \u00fcber ein Inventar t\u00e4tigen.<br \/>\n\u00b7 Die Spieler k\u00f6nnen dabei Dinge wie den Game-Mode, Slotanzahl und vieles mehr einstellen.<\/p>\n<\/div>\n\n<div id=\"cmsmasters_divider_xqfte2iztk\" class=\"cmsmasters_divider cmsmasters_divider_width_long cmsmasters_divider_pos_center\"><\/div>\n<div id=\"cmsmasters_heading_z3btyx71fv\" class=\"cmsmasters_heading_wrap cmsmasters_heading_align_left\">\n\t<h4 class=\"cmsmasters_heading\">Config &amp; weitere Features<\/h4>\n<\/div><div class=\"cmsmasters_text\">\n<p>\u00b7 In der Config k\u00f6nnen fast\u00a0<strong>alle Namen und Nachrichten<\/strong> ge\u00e4ndert werden. Au\u00dferdem k\u00f6nnen die Permissions und das Format f\u00fcr den Clan-Suffix dort ge\u00e4ndert werden.<br \/>\n\u00b7 Die Slots haben sogar eine eigene Permission, um es als eventuelles Premium-Feature zu vergeben.<\/p>\n<\/div>\n\n<div id=\"cmsmasters_divider_z1b06jaalh\" class=\"cmsmasters_divider cmsmasters_divider_width_long cmsmasters_divider_pos_center\"><\/div>\n<div id=\"cmsmasters_heading_radxcjkz1k\" class=\"cmsmasters_heading_wrap cmsmasters_heading_align_left\">\n\t<h4 class=\"cmsmasters_heading\">Sonstige Informationen<\/h4>\n<\/div><div class=\"cmsmasters_text\">\n<p>\u00b7 Beachte, dass du pro Produkt jeweils <strong>zwei kostenlose Resets<\/strong> hast.<br \/>\n\u00b7 Lese dir vor dem Kauf ausf\u00fchrlich unsere <strong>allgemeinen Gesch\u00e4ftsbedingungen f\u00fcr Software-Produkte<\/strong> durch.<br \/>\n\u00b7 Da es in der Vergangenheit sehr viele illegale Verbreitungen unserer Plugins gab, ist in dem Plugin ein Lizenz-System integriert.<br \/>\n\u00b7 Man erh\u00e4lt nach dem Kauf eine Lizenz, die bei der ersten Aktivierung auf die Server-IP registriert wird.<br \/>\n\u00b7 Achte vor dem Kauf auf die Kompatibilit\u00e4t.<\/p>\n<\/div>\n\n<div id=\"cmsmasters_divider_g9k75oomxo\" class=\"cmsmasters_divider cmsmasters_divider_width_long cmsmasters_divider_pos_center\"><\/div>\n<div id=\"cmsmasters_heading_1c9bjdiek\" class=\"cmsmasters_heading_wrap cmsmasters_heading_align_left\">\n\t<h4 class=\"cmsmasters_heading\">Supportm\u00f6glichkeiten<\/h4>\n<\/div><div class=\"cmsmasters_text\">\n<p>Ticket erstellen:\u00a0<a href=\"https:\/\/support.plugin-store.de\/\">support.plugin-store.de<\/a><br \/>\nCommunity-Discord: <a href=\"https:\/\/dc.plugin-store.de\/\">https:\/\/dc.plugin-store.de\/<\/a><\/p>\n<\/div>\n\n<div id=\"cmsmasters_divider_q5bvzolg4\" class=\"cmsmasters_divider cmsmasters_divider_width_long cmsmasters_divider_pos_center\"><\/div>\n<div class=\"cmsmasters_text\">\n<p>Es handelt sich hierbei um eine Software \/ ein Lizenz-Produkt. Es gelten die <a href=\"https:\/\/www.plugin-store.de\/index.php\/agb-software\/\">allgemeinen Gesch\u00e4ftsbedingungen f\u00fcr Software-Produkte<\/a>.<\/p>\n<p>Dieses Plugin wurde von Hendrik S. und Timo S. entwickelt.<\/p>\n<p>&nbsp;<\/p>\n<p><a title=\"dediziertes hosting Icons\" href=\"https:\/\/www.flaticon.com\/de\/kostenlose-icons\/dediziertes-hosting\">Dediziertes hosting Icons erstellt von juicy_fish &#8211; Flaticon<\/a><\/p>\n<\/div>\n\n<div id=\"cmsmasters_divider_33phfe87q\" class=\"cmsmasters_divider cmsmasters_divider_width_long cmsmasters_divider_pos_center\"><\/div>\n<\/div><\/div>\n<\/div>\n<\/div>\n<\/div>\n<\/div>\n<\/div>\n\n","protected":false},"excerpt":{"rendered":"<p>Mit diesem System erm\u00f6glichst du es deinen Spielern einen <strong>privaten Server<\/strong> zu erstellen. Fast alle <strong>Nachrichten<\/strong>, sowie viele Item-Namen und Inventare sind <strong>einstellbar<\/strong>. Au\u00dferdem beinhaltet es ein <strong>Adventure-Map System<\/strong>. Ab sofort kann man auch <strong>Game-Server<\/strong> mit unserem privaten Server System erstellen! Ebenso kann man eigene Plugins zum Installieren auf dem Survival-Server festlegen. Es ist f\u00fcr die CloudNet <strong>Version 3<\/strong>.<\/p>\n<p>Letztes Update: 14.08.2024 (Version 1.1.0)<br \/>\nTest-Server: mc.plugin-store.de<\/p>\n","protected":false},"featured_media":25470,"comment_status":"open","ping_status":"closed","template":"","meta":[],"product_brand":[],"product_cat":[324,84,321,320],"product_tag":[],"class_list":{"0":"post-23489","1":"product","2":"type-product","3":"status-publish","4":"has-post-thumbnail","6":"product_cat-spigot-multiversions","7":"product_cat-plugins","8":"product_cat-software","9":"product_cat-systeme","11":"first","12":"instock","13":"sale","14":"downloadable","15":"virtual","16":"purchasable","17":"product-type-simple"},"yoast_head":"<!-- This site is optimized with the Yoast SEO plugin v26.7 - https:\/\/yoast.com\/wordpress\/plugins\/seo\/ -->\n<title>Private-Server System (1.16.5 - 1.20.2) f\u00fcr CloudNet v3 | Plugin-Store.de<\/title>\n<meta name=\"description\" content=\"Mit diesem System erm\u00f6glichst du es deinen Spielern einen privaten Server zu erstellen. Jetzt f\u00fcr die 1.16.5 bis 1.20.2!\" \/>\n<meta name=\"robots\" content=\"index, follow, max-snippet:-1, max-image-preview:large, max-video-preview:-1\" \/>\n<link rel=\"canonical\" href=\"https:\/\/www.plugin-store.de\/index.php\/produkt\/private-server-system-v3\/\" \/>\n<meta property=\"og:locale\" content=\"de_DE\" \/>\n<meta property=\"og:type\" content=\"article\" \/>\n<meta property=\"og:title\" content=\"Private-Server System (1.16.5 - 1.20.2) f\u00fcr CloudNet v3 | Plugin-Store.de\" \/>\n<meta property=\"og:description\" content=\"Mit diesem System erm\u00f6glichst du es deinen Spielern einen privaten Server zu erstellen. Jetzt f\u00fcr die 1.16.5 bis 1.20.2!\" \/>\n<meta property=\"og:url\" content=\"https:\/\/www.plugin-store.de\/index.php\/produkt\/private-server-system-v3\/\" \/>\n<meta property=\"og:site_name\" content=\"Plugin-Store.de\" \/>\n<meta property=\"article:modified_time\" content=\"2024-08-15T06:17:24+00:00\" \/>\n<meta property=\"og:image\" content=\"https:\/\/www.plugin-store.de\/wp-content\/uploads\/2021\/12\/Produktbild-3.webp\" \/>\n\t<meta property=\"og:image:width\" content=\"1920\" \/>\n\t<meta property=\"og:image:height\" content=\"1017\" \/>\n\t<meta property=\"og:image:type\" content=\"image\/webp\" \/>\n<meta name=\"twitter:card\" content=\"summary_large_image\" \/>\n<meta name=\"twitter:site\" content=\"@PluginStoreDE\" \/>\n<meta name=\"twitter:label1\" content=\"Gesch\u00e4tzte Lesezeit\" \/>\n\t<meta name=\"twitter:data1\" content=\"4\u00a0Minuten\" \/>\n<script type=\"application\/ld+json\" class=\"yoast-schema-graph\">{\"@context\":\"https:\/\/schema.org\",\"@graph\":[{\"@type\":\"WebPage\",\"@id\":\"https:\/\/www.plugin-store.de\/index.php\/produkt\/private-server-system-v3\/\",\"url\":\"https:\/\/www.plugin-store.de\/index.php\/produkt\/private-server-system-v3\/\",\"name\":\"Private-Server System (1.16.5 - 1.20.2) f\u00fcr CloudNet v3 | Plugin-Store.de\",\"isPartOf\":{\"@id\":\"https:\/\/www.plugin-store.de\/#website\"},\"primaryImageOfPage\":{\"@id\":\"https:\/\/www.plugin-store.de\/index.php\/produkt\/private-server-system-v3\/#primaryimage\"},\"image\":{\"@id\":\"https:\/\/www.plugin-store.de\/index.php\/produkt\/private-server-system-v3\/#primaryimage\"},\"thumbnailUrl\":\"https:\/\/www.plugin-store.de\/wp-content\/uploads\/2021\/12\/Produktbild-3.webp\",\"datePublished\":\"2021-12-26T14:21:11+00:00\",\"dateModified\":\"2024-08-15T06:17:24+00:00\",\"description\":\"Mit diesem System erm\u00f6glichst du es deinen Spielern einen privaten Server zu erstellen. Jetzt f\u00fcr die 1.16.5 bis 1.20.2!\",\"breadcrumb\":{\"@id\":\"https:\/\/www.plugin-store.de\/index.php\/produkt\/private-server-system-v3\/#breadcrumb\"},\"inLanguage\":\"de\",\"potentialAction\":[{\"@type\":\"ReadAction\",\"target\":[\"https:\/\/www.plugin-store.de\/index.php\/produkt\/private-server-system-v3\/\"]}]},{\"@type\":\"ImageObject\",\"inLanguage\":\"de\",\"@id\":\"https:\/\/www.plugin-store.de\/index.php\/produkt\/private-server-system-v3\/#primaryimage\",\"url\":\"https:\/\/www.plugin-store.de\/wp-content\/uploads\/2021\/12\/Produktbild-3.webp\",\"contentUrl\":\"https:\/\/www.plugin-store.de\/wp-content\/uploads\/2021\/12\/Produktbild-3.webp\",\"width\":1920,\"height\":1017},{\"@type\":\"BreadcrumbList\",\"@id\":\"https:\/\/www.plugin-store.de\/index.php\/produkt\/private-server-system-v3\/#breadcrumb\",\"itemListElement\":[{\"@type\":\"ListItem\",\"position\":1,\"name\":\"Startseite\",\"item\":\"https:\/\/www.plugin-store.de\/\"},{\"@type\":\"ListItem\",\"position\":2,\"name\":\"Shop\",\"item\":\"https:\/\/www.plugin-store.de\/index.php\/shop\/\"},{\"@type\":\"ListItem\",\"position\":3,\"name\":\"Private-Server System f\u00fcr 1.16.5 &#8211; 1.20.2 | CloudNet v3\"}]},{\"@type\":\"WebSite\",\"@id\":\"https:\/\/www.plugin-store.de\/#website\",\"url\":\"https:\/\/www.plugin-store.de\/\",\"name\":\"Plugin-Store.de\",\"description\":\"Professionelle Plugins f\u00fcr dein Netzwerk!\",\"publisher\":{\"@id\":\"https:\/\/www.plugin-store.de\/#organization\"},\"potentialAction\":[{\"@type\":\"SearchAction\",\"target\":{\"@type\":\"EntryPoint\",\"urlTemplate\":\"https:\/\/www.plugin-store.de\/?s={search_term_string}\"},\"query-input\":{\"@type\":\"PropertyValueSpecification\",\"valueRequired\":true,\"valueName\":\"search_term_string\"}}],\"inLanguage\":\"de\"},{\"@type\":\"Organization\",\"@id\":\"https:\/\/www.plugin-store.de\/#organization\",\"name\":\"Plugin-Store.de\",\"url\":\"https:\/\/www.plugin-store.de\/\",\"logo\":{\"@type\":\"ImageObject\",\"inLanguage\":\"de\",\"@id\":\"https:\/\/www.plugin-store.de\/#\/schema\/logo\/image\/\",\"url\":\"https:\/\/www.plugin-store.de\/wp-content\/uploads\/2019\/01\/PS-\u2013-2.png\",\"contentUrl\":\"https:\/\/www.plugin-store.de\/wp-content\/uploads\/2019\/01\/PS-\u2013-2.png\",\"width\":900,\"height\":900,\"caption\":\"Plugin-Store.de\"},\"image\":{\"@id\":\"https:\/\/www.plugin-store.de\/#\/schema\/logo\/image\/\"},\"sameAs\":[\"https:\/\/x.com\/PluginStoreDE\",\"http:\/\/xenteceu\"]}]}<\/script>\n<!-- \/ Yoast SEO plugin. -->","yoast_head_json":{"title":"Private-Server System (1.16.5 - 1.20.2) f\u00fcr CloudNet v3 | Plugin-Store.de","description":"Mit diesem System erm\u00f6glichst du es deinen Spielern einen privaten Server zu erstellen. Jetzt f\u00fcr die 1.16.5 bis 1.20.2!","robots":{"index":"index","follow":"follow","max-snippet":"max-snippet:-1","max-image-preview":"max-image-preview:large","max-video-preview":"max-video-preview:-1"},"canonical":"https:\/\/www.plugin-store.de\/index.php\/produkt\/private-server-system-v3\/","og_locale":"de_DE","og_type":"article","og_title":"Private-Server System (1.16.5 - 1.20.2) f\u00fcr CloudNet v3 | Plugin-Store.de","og_description":"Mit diesem System erm\u00f6glichst du es deinen Spielern einen privaten Server zu erstellen. Jetzt f\u00fcr die 1.16.5 bis 1.20.2!","og_url":"https:\/\/www.plugin-store.de\/index.php\/produkt\/private-server-system-v3\/","og_site_name":"Plugin-Store.de","article_modified_time":"2024-08-15T06:17:24+00:00","og_image":[{"width":1920,"height":1017,"url":"https:\/\/www.plugin-store.de\/wp-content\/uploads\/2021\/12\/Produktbild-3.webp","type":"image\/webp"}],"twitter_card":"summary_large_image","twitter_site":"@PluginStoreDE","twitter_misc":{"Gesch\u00e4tzte Lesezeit":"4\u00a0Minuten"},"schema":{"@context":"https:\/\/schema.org","@graph":[{"@type":"WebPage","@id":"https:\/\/www.plugin-store.de\/index.php\/produkt\/private-server-system-v3\/","url":"https:\/\/www.plugin-store.de\/index.php\/produkt\/private-server-system-v3\/","name":"Private-Server System (1.16.5 - 1.20.2) f\u00fcr CloudNet v3 | Plugin-Store.de","isPartOf":{"@id":"https:\/\/www.plugin-store.de\/#website"},"primaryImageOfPage":{"@id":"https:\/\/www.plugin-store.de\/index.php\/produkt\/private-server-system-v3\/#primaryimage"},"image":{"@id":"https:\/\/www.plugin-store.de\/index.php\/produkt\/private-server-system-v3\/#primaryimage"},"thumbnailUrl":"https:\/\/www.plugin-store.de\/wp-content\/uploads\/2021\/12\/Produktbild-3.webp","datePublished":"2021-12-26T14:21:11+00:00","dateModified":"2024-08-15T06:17:24+00:00","description":"Mit diesem System erm\u00f6glichst du es deinen Spielern einen privaten Server zu erstellen. Jetzt f\u00fcr die 1.16.5 bis 1.20.2!","breadcrumb":{"@id":"https:\/\/www.plugin-store.de\/index.php\/produkt\/private-server-system-v3\/#breadcrumb"},"inLanguage":"de","potentialAction":[{"@type":"ReadAction","target":["https:\/\/www.plugin-store.de\/index.php\/produkt\/private-server-system-v3\/"]}]},{"@type":"ImageObject","inLanguage":"de","@id":"https:\/\/www.plugin-store.de\/index.php\/produkt\/private-server-system-v3\/#primaryimage","url":"https:\/\/www.plugin-store.de\/wp-content\/uploads\/2021\/12\/Produktbild-3.webp","contentUrl":"https:\/\/www.plugin-store.de\/wp-content\/uploads\/2021\/12\/Produktbild-3.webp","width":1920,"height":1017},{"@type":"BreadcrumbList","@id":"https:\/\/www.plugin-store.de\/index.php\/produkt\/private-server-system-v3\/#breadcrumb","itemListElement":[{"@type":"ListItem","position":1,"name":"Startseite","item":"https:\/\/www.plugin-store.de\/"},{"@type":"ListItem","position":2,"name":"Shop","item":"https:\/\/www.plugin-store.de\/index.php\/shop\/"},{"@type":"ListItem","position":3,"name":"Private-Server System f\u00fcr 1.16.5 &#8211; 1.20.2 | CloudNet v3"}]},{"@type":"WebSite","@id":"https:\/\/www.plugin-store.de\/#website","url":"https:\/\/www.plugin-store.de\/","name":"Plugin-Store.de","description":"Professionelle Plugins f\u00fcr dein Netzwerk!","publisher":{"@id":"https:\/\/www.plugin-store.de\/#organization"},"potentialAction":[{"@type":"SearchAction","target":{"@type":"EntryPoint","urlTemplate":"https:\/\/www.plugin-store.de\/?s={search_term_string}"},"query-input":{"@type":"PropertyValueSpecification","valueRequired":true,"valueName":"search_term_string"}}],"inLanguage":"de"},{"@type":"Organization","@id":"https:\/\/www.plugin-store.de\/#organization","name":"Plugin-Store.de","url":"https:\/\/www.plugin-store.de\/","logo":{"@type":"ImageObject","inLanguage":"de","@id":"https:\/\/www.plugin-store.de\/#\/schema\/logo\/image\/","url":"https:\/\/www.plugin-store.de\/wp-content\/uploads\/2019\/01\/PS-\u2013-2.png","contentUrl":"https:\/\/www.plugin-store.de\/wp-content\/uploads\/2019\/01\/PS-\u2013-2.png","width":900,"height":900,"caption":"Plugin-Store.de"},"image":{"@id":"https:\/\/www.plugin-store.de\/#\/schema\/logo\/image\/"},"sameAs":["https:\/\/x.com\/PluginStoreDE","http:\/\/xenteceu"]}]}},"_links":{"self":[{"href":"https:\/\/www.plugin-store.de\/index.php\/wp-json\/wp\/v2\/product\/23489","targetHints":{"allow":["GET"]}}],"collection":[{"href":"https:\/\/www.plugin-store.de\/index.php\/wp-json\/wp\/v2\/product"}],"about":[{"href":"https:\/\/www.plugin-store.de\/index.php\/wp-json\/wp\/v2\/types\/product"}],"replies":[{"embeddable":true,"href":"https:\/\/www.plugin-store.de\/index.php\/wp-json\/wp\/v2\/comments?post=23489"}],"wp:featuredmedia":[{"embeddable":true,"href":"https:\/\/www.plugin-store.de\/index.php\/wp-json\/wp\/v2\/media\/25470"}],"wp:attachment":[{"href":"https:\/\/www.plugin-store.de\/index.php\/wp-json\/wp\/v2\/media?parent=23489"}],"wp:term":[{"taxonomy":"product_brand","embeddable":true,"href":"https:\/\/www.plugin-store.de\/index.php\/wp-json\/wp\/v2\/product_brand?post=23489"},{"taxonomy":"product_cat","embeddable":true,"href":"https:\/\/www.plugin-store.de\/index.php\/wp-json\/wp\/v2\/product_cat?post=23489"},{"taxonomy":"product_tag","embeddable":true,"href":"https:\/\/www.plugin-store.de\/index.php\/wp-json\/wp\/v2\/product_tag?post=23489"}],"curies":[{"name":"wp","href":"https:\/\/api.w.org\/{rel}","templated":true}]}}