{"id":23514,"date":"2021-12-30T13:43:59","date_gmt":"2021-12-30T12:43:59","guid":{"rendered":"https:\/\/www.plugin-store.de\/?post_type=product&#038;p=23514"},"modified":"2024-10-06T18:45:31","modified_gmt":"2024-10-06T16:45:31","slug":"modularbungee-addon","status":"publish","type":"product","link":"https:\/\/www.plugin-store.de\/index.php\/produkt\/modularbungee-addon\/","title":{"rendered":"ModularBungee Addon f\u00fcr 1.16.5 &#8211; 1.20.2 (GUI: Freunde, Clan, &#8230;)"},"content":{"rendered":"<div id=\"cmsmasters_row_pyem6golxm\" class=\"cmsmasters_row cmsmasters_color_scheme_default cmsmasters_row_top_default cmsmasters_row_bot_default cmsmasters_row_boxed\">\n<div class=\"cmsmasters_row_outer_parent\">\n<div class=\"cmsmasters_row_outer\">\n<div class=\"cmsmasters_row_inner\">\n<div class=\"cmsmasters_row_margin\">\n<div id=\"cmsmasters_column_ox6qbwrdli\" class=\"cmsmasters_column one_first\">\n<div class=\"cmsmasters_column_inner\"><div id=\"cmsmasters_divider_5ine63r84a\" class=\"cmsmasters_divider cmsmasters_divider_width_long cmsmasters_divider_pos_center\"><\/div>\n<div class=\"cmsmasters_text\">\n<p style=\"text-align: center;\">Dieses Addon ist eine\u00a0<strong>gro\u00dfe Erweiterung<\/strong>\u00a0f\u00fcr dein Netzwerk. Es erweitert das\u00a0<a href=\"https:\/\/www.plugin-store.de\/index.php\/produkt\/modularbungee\/\">ModularBungee<\/a>\u00a0durch eine\u00a0<strong>gro\u00dfe Benutzeroberfl\u00e4che<\/strong>\u00a0und ist fast komplett konfigurierbar.<\/p>\n<\/div>\n\n<div id=\"cmsmasters_divider_fe3ocbmszp\" class=\"cmsmasters_divider cmsmasters_divider_width_long cmsmasters_divider_pos_center\"><\/div>\n<div id=\"cmsmasters_heading_s2qbc1m1z\" class=\"cmsmasters_heading_wrap cmsmasters_heading_align_left\">\n\t<h4 class=\"cmsmasters_heading\">Inventare \/ GUIs<\/h4>\n<\/div><div class=\"cmsmasters_text\">\n<p>\u00b7 Alle Inventare k\u00f6nnen \u00fcber ein Item (einstellbar) oder einen Command ge\u00f6ffnet werden.<br \/>\n\u00b7\u00a0<strong>Einstellungen<\/strong>: Lasse deine Spieler Ihre Einstellungen (Freundschaftsanfragen, Partyanfragen, Clananfragen, \u2026) \u00fcber das Einstellungsinventar einfach \u00e4ndern.<br \/>\n\u00b7\u00a0<strong>Freunde<\/strong>: In dem Freunde-Inventar sieht man alle Freunde auf einen Blick. Au\u00dferdem kann man Ihnen \u00fcber das Inventar nachspringen, sie entfernen oder Anfragen annehmen.<br \/>\n\u00b7\u00a0<strong>Clan<\/strong>: Mit diesem Inventar sieht man alle Clanmitglieder auf einen Blick. Au\u00dferdem kann man als Clan-Admin Spieler aus dem Clan entfernen. Zudem kann man Anfragen bearbeiten.<br \/>\n\u00b7\u00a0<strong>Report<\/strong>: In dem Report-Inventar sieht man alle offenen Reports und kann diese annehmen oder l\u00f6schen. Au\u00dferdem kann man Spieler \u00fcber dieses Inventar muten.<br \/>\n\u00b7\u00a0<strong>TS-Verifizierung<\/strong>: Durch dieses Inventar erhalten die Spieler einen Einblick zu ihrer aktuellen TS-Verifizierung. Dabei kann man ebenfalls sehen, mit welcher ID der Account verkn\u00fcpft ist.<\/p>\n<\/div>\n\n<div id=\"cmsmasters_divider_mlg52fdqcd\" class=\"cmsmasters_divider cmsmasters_divider_width_long cmsmasters_divider_pos_center\"><\/div>\n<div id=\"cmsmasters_heading_9frj3gektn\" class=\"cmsmasters_heading_wrap cmsmasters_heading_align_left\">\n\t<h4 class=\"cmsmasters_heading\">Tab-Prefix &amp; Suffix (Rang- &amp; Clananzeige)<\/h4>\n<\/div><div class=\"cmsmasters_text\">\n<p>Durch dieses Feature sehen alle User, in welchem Clan man derzeitig ist. Au\u00dferdem sieht man durch einen Tab-Prefix, in welcher Gruppe der Spieler ist. Alle Formate sind in der Config anpassbar.<\/p>\n<\/div>\n\n<div id=\"cmsmasters_divider_mm0dg1pc5\" class=\"cmsmasters_divider cmsmasters_divider_width_long cmsmasters_divider_pos_center\"><\/div>\n<div id=\"cmsmasters_heading_r97ilbvlya\" class=\"cmsmasters_heading_wrap cmsmasters_heading_align_left\">\n\t<h4 class=\"cmsmasters_heading\">Config &amp; weitere Features<\/h4>\n<\/div><div class=\"cmsmasters_text\">\n<p>\u00b7 In der Config k\u00f6nnen fast\u00a0<strong>alle Namen und Nachrichten<\/strong> ge\u00e4ndert werden. Au\u00dferdem k\u00f6nnen die Permissions und das Format f\u00fcr den Clan-Suffix dort ge\u00e4ndert werden.<br \/>\n\u00b7 Man kann einem Spieler mit dem Linksklick des Freundekopfes eine Freundschaftsanfrage senden.<\/p>\n<\/div>\n\n<div id=\"cmsmasters_divider_h7k7bvc5xx\" class=\"cmsmasters_divider cmsmasters_divider_width_long cmsmasters_divider_pos_center\"><\/div>\n<div id=\"cmsmasters_heading_bdetbey1ye\" class=\"cmsmasters_heading_wrap cmsmasters_heading_align_left\">\n\t<h4 class=\"cmsmasters_heading\">Sonstige Informationen<\/h4>\n<\/div><div class=\"cmsmasters_text\">\n<p>\u00b7 Beachte, dass du pro Produkt jeweils <strong>zwei kostenlose Resets<\/strong> hast.<br \/>\n\u00b7 Lese dir vor dem Kauf ausf\u00fchrlich unsere <strong>allgemeinen Gesch\u00e4ftsbedingungen f\u00fcr Software-Produkte<\/strong> durch.<br \/>\n\u00b7 Da es in der Vergangenheit sehr viele illegale Verbreitungen unserer Plugins gab, ist in dem Plugin ein Lizenz-System integriert.<br \/>\n\u00b7 Man erh\u00e4lt nach dem Kauf eine Lizenz, die bei der ersten Aktivierung auf die Server-IP registriert wird.<br \/>\n\u00b7 Achte vor dem Kauf auf die Kompatibilit\u00e4t.<br \/>\n\u00b7 Das auf einigen Bildern zu sehende <a href=\"https:\/\/www.plugin-store.de\/index.php\/produkt\/cloud-control\/\">Cloud-Control Panel<\/a>\u00a0ist nicht beim Kauf enthalten.<\/p>\n<\/div>\n\n<div id=\"cmsmasters_divider_c2vh7cpuoq\" class=\"cmsmasters_divider cmsmasters_divider_width_long cmsmasters_divider_pos_center\"><\/div>\n<div id=\"cmsmasters_heading_154t8b59t4\" class=\"cmsmasters_heading_wrap cmsmasters_heading_align_left\">\n\t<h4 class=\"cmsmasters_heading\">Supportm\u00f6glichkeiten<\/h4>\n<\/div><div class=\"cmsmasters_text\">\n<p>Ticket erstellen:\u00a0<a href=\"https:\/\/support.plugin-store.de\/\">support.plugin-store.de<\/a><br \/>\nCommunity-Discord: <a href=\"https:\/\/dc.plugin-store.de\/\">https:\/\/dc.plugin-store.de\/<\/a><\/p>\n<\/div>\n\n<div id=\"cmsmasters_divider_qyyrux6lxw\" class=\"cmsmasters_divider cmsmasters_divider_width_long cmsmasters_divider_pos_center\"><\/div>\n<div class=\"cmsmasters_text\">\n<p>Es handelt sich hierbei um eine Software \/ ein Lizenz-Produkt. Es gelten die <a href=\"https:\/\/www.plugin-store.de\/index.php\/agb-software\/\">allgemeinen Gesch\u00e4ftsbedingungen f\u00fcr Software-Produkte<\/a>.<\/p>\n<\/div>\n\n<div id=\"cmsmasters_divider_1s1bf23bv\" class=\"cmsmasters_divider cmsmasters_divider_width_long cmsmasters_divider_pos_center\"><\/div>\n<\/div><\/div>\n<\/div>\n<\/div>\n<\/div>\n<\/div>\n<\/div>\n\n","protected":false},"excerpt":{"rendered":"<p>Dieses Addon ist eine <strong>gro\u00dfe Erweiterung<\/strong> f\u00fcr dein Netzwerk. Es erweitert das <a href=\"https:\/\/www.plugin-store.de\/index.php\/produkt\/modularbungee\/\">ModularBungee<\/a> durch eine <strong>gro\u00dfe Benutzeroberfl\u00e4che<\/strong> und ist fast komplett konfigurierbar.<\/p>\n<p>Letztes Update: 05.11.2023 &#8211; V1.2.3<br \/>\nTest-Server: mc.plugin-store.de<\/p>\n","protected":false},"featured_media":15851,"comment_status":"open","ping_status":"closed","template":"","meta":[],"product_brand":[],"product_cat":[324,84,321],"product_tag":[],"class_list":{"0":"post-23514","1":"product","2":"type-product","3":"status-publish","4":"has-post-thumbnail","6":"product_cat-spigot-multiversions","7":"product_cat-plugins","8":"product_cat-software","10":"first","11":"instock","12":"sale","13":"downloadable","14":"virtual","15":"purchasable","16":"product-type-simple"},"yoast_head":"<!-- This site is optimized with the Yoast SEO plugin v26.7 - https:\/\/yoast.com\/wordpress\/plugins\/seo\/ -->\n<title>ModularBungee Addon f\u00fcr Spigot 1.16.5 - 1.20.2 | Plugin-Store.de<\/title>\n<meta name=\"description\" content=\"Dieses Addon ist eine gro\u00dfe Erweiterung f\u00fcr dein Netzwerk. Es erweitert das ModularBungee durch eine gro\u00dfe Benutzeroberfl\u00e4che.\" \/>\n<meta name=\"robots\" content=\"index, follow, max-snippet:-1, max-image-preview:large, max-video-preview:-1\" \/>\n<link rel=\"canonical\" href=\"https:\/\/www.plugin-store.de\/index.php\/produkt\/modularbungee-addon\/\" \/>\n<meta property=\"og:locale\" content=\"de_DE\" \/>\n<meta property=\"og:type\" content=\"article\" \/>\n<meta property=\"og:title\" content=\"ModularBungee Addon f\u00fcr Spigot 1.16.5 - 1.20.2 | Plugin-Store.de\" \/>\n<meta property=\"og:description\" content=\"Dieses Addon ist eine gro\u00dfe Erweiterung f\u00fcr dein Netzwerk. Es erweitert das ModularBungee durch eine gro\u00dfe Benutzeroberfl\u00e4che.\" \/>\n<meta property=\"og:url\" content=\"https:\/\/www.plugin-store.de\/index.php\/produkt\/modularbungee-addon\/\" \/>\n<meta property=\"og:site_name\" content=\"Plugin-Store.de\" \/>\n<meta property=\"article:modified_time\" content=\"2024-10-06T16:45:31+00:00\" \/>\n<meta property=\"og:image\" content=\"https:\/\/www.plugin-store.de\/wp-content\/uploads\/2019\/12\/ModularBungee-Spigot-Addon.jpg\" \/>\n\t<meta property=\"og:image:width\" content=\"1920\" \/>\n\t<meta property=\"og:image:height\" content=\"1017\" \/>\n\t<meta property=\"og:image:type\" content=\"image\/jpeg\" \/>\n<meta name=\"twitter:card\" content=\"summary_large_image\" \/>\n<meta name=\"twitter:site\" content=\"@PluginStoreDE\" \/>\n<meta name=\"twitter:label1\" content=\"Gesch\u00e4tzte Lesezeit\" \/>\n\t<meta name=\"twitter:data1\" content=\"4\u00a0Minuten\" \/>\n<script type=\"application\/ld+json\" class=\"yoast-schema-graph\">{\"@context\":\"https:\/\/schema.org\",\"@graph\":[{\"@type\":\"WebPage\",\"@id\":\"https:\/\/www.plugin-store.de\/index.php\/produkt\/modularbungee-addon\/\",\"url\":\"https:\/\/www.plugin-store.de\/index.php\/produkt\/modularbungee-addon\/\",\"name\":\"ModularBungee Addon f\u00fcr Spigot 1.16.5 - 1.20.2 | Plugin-Store.de\",\"isPartOf\":{\"@id\":\"https:\/\/www.plugin-store.de\/#website\"},\"primaryImageOfPage\":{\"@id\":\"https:\/\/www.plugin-store.de\/index.php\/produkt\/modularbungee-addon\/#primaryimage\"},\"image\":{\"@id\":\"https:\/\/www.plugin-store.de\/index.php\/produkt\/modularbungee-addon\/#primaryimage\"},\"thumbnailUrl\":\"https:\/\/www.plugin-store.de\/wp-content\/uploads\/2019\/12\/ModularBungee-Spigot-Addon.jpg\",\"datePublished\":\"2021-12-30T12:43:59+00:00\",\"dateModified\":\"2024-10-06T16:45:31+00:00\",\"description\":\"Dieses Addon ist eine gro\u00dfe Erweiterung f\u00fcr dein Netzwerk. Es erweitert das ModularBungee durch eine gro\u00dfe Benutzeroberfl\u00e4che.\",\"breadcrumb\":{\"@id\":\"https:\/\/www.plugin-store.de\/index.php\/produkt\/modularbungee-addon\/#breadcrumb\"},\"inLanguage\":\"de\",\"potentialAction\":[{\"@type\":\"ReadAction\",\"target\":[\"https:\/\/www.plugin-store.de\/index.php\/produkt\/modularbungee-addon\/\"]}]},{\"@type\":\"ImageObject\",\"inLanguage\":\"de\",\"@id\":\"https:\/\/www.plugin-store.de\/index.php\/produkt\/modularbungee-addon\/#primaryimage\",\"url\":\"https:\/\/www.plugin-store.de\/wp-content\/uploads\/2019\/12\/ModularBungee-Spigot-Addon.jpg\",\"contentUrl\":\"https:\/\/www.plugin-store.de\/wp-content\/uploads\/2019\/12\/ModularBungee-Spigot-Addon.jpg\",\"width\":1920,\"height\":1017},{\"@type\":\"BreadcrumbList\",\"@id\":\"https:\/\/www.plugin-store.de\/index.php\/produkt\/modularbungee-addon\/#breadcrumb\",\"itemListElement\":[{\"@type\":\"ListItem\",\"position\":1,\"name\":\"Startseite\",\"item\":\"https:\/\/www.plugin-store.de\/\"},{\"@type\":\"ListItem\",\"position\":2,\"name\":\"Shop\",\"item\":\"https:\/\/www.plugin-store.de\/index.php\/shop\/\"},{\"@type\":\"ListItem\",\"position\":3,\"name\":\"ModularBungee Addon f\u00fcr 1.16.5 &#8211; 1.20.2 (GUI: Freunde, Clan, &#8230;)\"}]},{\"@type\":\"WebSite\",\"@id\":\"https:\/\/www.plugin-store.de\/#website\",\"url\":\"https:\/\/www.plugin-store.de\/\",\"name\":\"Plugin-Store.de\",\"description\":\"Professionelle Plugins f\u00fcr dein Netzwerk!\",\"publisher\":{\"@id\":\"https:\/\/www.plugin-store.de\/#organization\"},\"potentialAction\":[{\"@type\":\"SearchAction\",\"target\":{\"@type\":\"EntryPoint\",\"urlTemplate\":\"https:\/\/www.plugin-store.de\/?s={search_term_string}\"},\"query-input\":{\"@type\":\"PropertyValueSpecification\",\"valueRequired\":true,\"valueName\":\"search_term_string\"}}],\"inLanguage\":\"de\"},{\"@type\":\"Organization\",\"@id\":\"https:\/\/www.plugin-store.de\/#organization\",\"name\":\"Plugin-Store.de\",\"url\":\"https:\/\/www.plugin-store.de\/\",\"logo\":{\"@type\":\"ImageObject\",\"inLanguage\":\"de\",\"@id\":\"https:\/\/www.plugin-store.de\/#\/schema\/logo\/image\/\",\"url\":\"https:\/\/www.plugin-store.de\/wp-content\/uploads\/2019\/01\/PS-\u2013-2.png\",\"contentUrl\":\"https:\/\/www.plugin-store.de\/wp-content\/uploads\/2019\/01\/PS-\u2013-2.png\",\"width\":900,\"height\":900,\"caption\":\"Plugin-Store.de\"},\"image\":{\"@id\":\"https:\/\/www.plugin-store.de\/#\/schema\/logo\/image\/\"},\"sameAs\":[\"https:\/\/x.com\/PluginStoreDE\",\"http:\/\/xenteceu\"]}]}<\/script>\n<!-- \/ Yoast SEO plugin. -->","yoast_head_json":{"title":"ModularBungee Addon f\u00fcr Spigot 1.16.5 - 1.20.2 | Plugin-Store.de","description":"Dieses Addon ist eine gro\u00dfe Erweiterung f\u00fcr dein Netzwerk. Es erweitert das ModularBungee durch eine gro\u00dfe Benutzeroberfl\u00e4che.","robots":{"index":"index","follow":"follow","max-snippet":"max-snippet:-1","max-image-preview":"max-image-preview:large","max-video-preview":"max-video-preview:-1"},"canonical":"https:\/\/www.plugin-store.de\/index.php\/produkt\/modularbungee-addon\/","og_locale":"de_DE","og_type":"article","og_title":"ModularBungee Addon f\u00fcr Spigot 1.16.5 - 1.20.2 | Plugin-Store.de","og_description":"Dieses Addon ist eine gro\u00dfe Erweiterung f\u00fcr dein Netzwerk. Es erweitert das ModularBungee durch eine gro\u00dfe Benutzeroberfl\u00e4che.","og_url":"https:\/\/www.plugin-store.de\/index.php\/produkt\/modularbungee-addon\/","og_site_name":"Plugin-Store.de","article_modified_time":"2024-10-06T16:45:31+00:00","og_image":[{"width":1920,"height":1017,"url":"https:\/\/www.plugin-store.de\/wp-content\/uploads\/2019\/12\/ModularBungee-Spigot-Addon.jpg","type":"image\/jpeg"}],"twitter_card":"summary_large_image","twitter_site":"@PluginStoreDE","twitter_misc":{"Gesch\u00e4tzte Lesezeit":"4\u00a0Minuten"},"schema":{"@context":"https:\/\/schema.org","@graph":[{"@type":"WebPage","@id":"https:\/\/www.plugin-store.de\/index.php\/produkt\/modularbungee-addon\/","url":"https:\/\/www.plugin-store.de\/index.php\/produkt\/modularbungee-addon\/","name":"ModularBungee Addon f\u00fcr Spigot 1.16.5 - 1.20.2 | Plugin-Store.de","isPartOf":{"@id":"https:\/\/www.plugin-store.de\/#website"},"primaryImageOfPage":{"@id":"https:\/\/www.plugin-store.de\/index.php\/produkt\/modularbungee-addon\/#primaryimage"},"image":{"@id":"https:\/\/www.plugin-store.de\/index.php\/produkt\/modularbungee-addon\/#primaryimage"},"thumbnailUrl":"https:\/\/www.plugin-store.de\/wp-content\/uploads\/2019\/12\/ModularBungee-Spigot-Addon.jpg","datePublished":"2021-12-30T12:43:59+00:00","dateModified":"2024-10-06T16:45:31+00:00","description":"Dieses Addon ist eine gro\u00dfe Erweiterung f\u00fcr dein Netzwerk. Es erweitert das ModularBungee durch eine gro\u00dfe Benutzeroberfl\u00e4che.","breadcrumb":{"@id":"https:\/\/www.plugin-store.de\/index.php\/produkt\/modularbungee-addon\/#breadcrumb"},"inLanguage":"de","potentialAction":[{"@type":"ReadAction","target":["https:\/\/www.plugin-store.de\/index.php\/produkt\/modularbungee-addon\/"]}]},{"@type":"ImageObject","inLanguage":"de","@id":"https:\/\/www.plugin-store.de\/index.php\/produkt\/modularbungee-addon\/#primaryimage","url":"https:\/\/www.plugin-store.de\/wp-content\/uploads\/2019\/12\/ModularBungee-Spigot-Addon.jpg","contentUrl":"https:\/\/www.plugin-store.de\/wp-content\/uploads\/2019\/12\/ModularBungee-Spigot-Addon.jpg","width":1920,"height":1017},{"@type":"BreadcrumbList","@id":"https:\/\/www.plugin-store.de\/index.php\/produkt\/modularbungee-addon\/#breadcrumb","itemListElement":[{"@type":"ListItem","position":1,"name":"Startseite","item":"https:\/\/www.plugin-store.de\/"},{"@type":"ListItem","position":2,"name":"Shop","item":"https:\/\/www.plugin-store.de\/index.php\/shop\/"},{"@type":"ListItem","position":3,"name":"ModularBungee Addon f\u00fcr 1.16.5 &#8211; 1.20.2 (GUI: Freunde, Clan, &#8230;)"}]},{"@type":"WebSite","@id":"https:\/\/www.plugin-store.de\/#website","url":"https:\/\/www.plugin-store.de\/","name":"Plugin-Store.de","description":"Professionelle Plugins f\u00fcr dein Netzwerk!","publisher":{"@id":"https:\/\/www.plugin-store.de\/#organization"},"potentialAction":[{"@type":"SearchAction","target":{"@type":"EntryPoint","urlTemplate":"https:\/\/www.plugin-store.de\/?s={search_term_string}"},"query-input":{"@type":"PropertyValueSpecification","valueRequired":true,"valueName":"search_term_string"}}],"inLanguage":"de"},{"@type":"Organization","@id":"https:\/\/www.plugin-store.de\/#organization","name":"Plugin-Store.de","url":"https:\/\/www.plugin-store.de\/","logo":{"@type":"ImageObject","inLanguage":"de","@id":"https:\/\/www.plugin-store.de\/#\/schema\/logo\/image\/","url":"https:\/\/www.plugin-store.de\/wp-content\/uploads\/2019\/01\/PS-\u2013-2.png","contentUrl":"https:\/\/www.plugin-store.de\/wp-content\/uploads\/2019\/01\/PS-\u2013-2.png","width":900,"height":900,"caption":"Plugin-Store.de"},"image":{"@id":"https:\/\/www.plugin-store.de\/#\/schema\/logo\/image\/"},"sameAs":["https:\/\/x.com\/PluginStoreDE","http:\/\/xenteceu"]}]}},"_links":{"self":[{"href":"https:\/\/www.plugin-store.de\/index.php\/wp-json\/wp\/v2\/product\/23514","targetHints":{"allow":["GET"]}}],"collection":[{"href":"https:\/\/www.plugin-store.de\/index.php\/wp-json\/wp\/v2\/product"}],"about":[{"href":"https:\/\/www.plugin-store.de\/index.php\/wp-json\/wp\/v2\/types\/product"}],"replies":[{"embeddable":true,"href":"https:\/\/www.plugin-store.de\/index.php\/wp-json\/wp\/v2\/comments?post=23514"}],"wp:featuredmedia":[{"embeddable":true,"href":"https:\/\/www.plugin-store.de\/index.php\/wp-json\/wp\/v2\/media\/15851"}],"wp:attachment":[{"href":"https:\/\/www.plugin-store.de\/index.php\/wp-json\/wp\/v2\/media?parent=23514"}],"wp:term":[{"taxonomy":"product_brand","embeddable":true,"href":"https:\/\/www.plugin-store.de\/index.php\/wp-json\/wp\/v2\/product_brand?post=23514"},{"taxonomy":"product_cat","embeddable":true,"href":"https:\/\/www.plugin-store.de\/index.php\/wp-json\/wp\/v2\/product_cat?post=23514"},{"taxonomy":"product_tag","embeddable":true,"href":"https:\/\/www.plugin-store.de\/index.php\/wp-json\/wp\/v2\/product_tag?post=23514"}],"curies":[{"name":"wp","href":"https:\/\/api.w.org\/{rel}","templated":true}]}}